{"id":239,"date":"2019-01-04T00:33:50","date_gmt":"2019-01-04T00:33:50","guid":{"rendered":"http:\/\/ssbaltimore.org\/bookstore\/product\/import-placeholder-for-8\/"},"modified":"2022-01-18T01:06:31","modified_gmt":"2022-01-18T01:06:31","slug":"dadivas-de-natal","status":"publish","type":"product","link":"https:\/\/ssbaltimore.org\/bookstore\/product\/dadivas-de-natal\/","title":{"rendered":"Dadivas de Natal &#8211; CD"},"content":{"rendered":"<p>Obra impregnada de ternura, amor, esperan\u00e7a e otimismo, destacando a figura de Jesus e a import\u00e2ncia do Seu nascimento, que constitui o marco de uma nova Era para a Humanidade.<br \/>\nD\u00e1divas do Natal proporciona-nos a oportunidade de refletir sobre o que temos feito em favor de n\u00f3s mesmos, no sentido de apreender a nossa realidade eterna, e principalmente o que temos feito em benef\u00edcio do pr\u00f3ximo.<br \/>\nAmamos e respeitamos aqueles que fazem parte de nossa vida? Ante essas indaga\u00e7\u00f5es, aproveitamos a data mais expressiva do calend\u00e1rio o Natal para deixar que Jesus penetre suavemente em nossos cora\u00e7\u00f5es, renovando-nos para a vida e para o grande encontro com a Plenitude que nos aguarda.<\/p>\n","protected":false},"excerpt":{"rendered":"<p>D\u00e1divas do Natal proporciona-nos a oportunidade de refletir sobre o que temos feito em favor de n\u00f3s mesmos, no sentido de apreender a nossa realidade eterna, e principalmente o que temos feito em benef\u00edcio do pr\u00f3ximo&#8230;<\/p>\n","protected":false},"featured_media":332,"comment_status":"open","ping_status":"closed","template":"","meta":{"om_disable_all_campaigns":false,"_exactmetrics_skip_tracking":false,"_exactmetrics_sitenote_active":false,"_exactmetrics_sitenote_note":"","_exactmetrics_sitenote_category":0,"_monsterinsights_skip_tracking":false,"_monsterinsights_sitenote_active":false,"_monsterinsights_sitenote_note":"","_monsterinsights_sitenote_category":0},"product_brand":[],"product_cat":[22,36],"product_tag":[],"class_list":{"0":"post-239","1":"product","2":"type-product","3":"status-publish","4":"has-post-thumbnail","6":"product_cat-cd","7":"product_cat-portuguese","9":"first","10":"instock","11":"sale","12":"shipping-taxable","13":"purchasable","14":"product-type-simple"},"_links":{"self":[{"href":"https:\/\/ssbaltimore.org\/bookstore\/wp-json\/wp\/v2\/product\/239","targetHints":{"allow":["GET"]}}],"collection":[{"href":"https:\/\/ssbaltimore.org\/bookstore\/wp-json\/wp\/v2\/product"}],"about":[{"href":"https:\/\/ssbaltimore.org\/bookstore\/wp-json\/wp\/v2\/types\/product"}],"replies":[{"embeddable":true,"href":"https:\/\/ssbaltimore.org\/bookstore\/wp-json\/wp\/v2\/comments?post=239"}],"wp:featuredmedia":[{"embeddable":true,"href":"https:\/\/ssbaltimore.org\/bookstore\/wp-json\/wp\/v2\/media\/332"}],"wp:attachment":[{"href":"https:\/\/ssbaltimore.org\/bookstore\/wp-json\/wp\/v2\/media?parent=239"}],"wp:term":[{"taxonomy":"product_brand","embeddable":true,"href":"https:\/\/ssbaltimore.org\/bookstore\/wp-json\/wp\/v2\/product_brand?post=239"},{"taxonomy":"product_cat","embeddable":true,"href":"https:\/\/ssbaltimore.org\/bookstore\/wp-json\/wp\/v2\/product_cat?post=239"},{"taxonomy":"product_tag","embeddable":true,"href":"https:\/\/ssbaltimore.org\/bookstore\/wp-json\/wp\/v2\/product_tag?post=239"}],"curies":[{"name":"wp","href":"https:\/\/api.w.org\/{rel}","templated":true}]}}