{"id":712,"date":"2019-01-08T20:13:15","date_gmt":"2019-01-08T20:13:15","guid":{"rendered":"http:\/\/ssbaltimore.org\/bookstore\/?post_type=product&#038;p=712"},"modified":"2019-03-30T15:53:16","modified_gmt":"2019-03-30T15:53:16","slug":"psicografia","status":"publish","type":"product","link":"https:\/\/ssbaltimore.org\/bookstore\/product\/psicografia\/","title":{"rendered":"Psicografia"},"content":{"rendered":"<p>A base de investiga\u00e7\u00e3o foram mensagens psicografadas e enviadas por parentes mortos a familiares, atrav\u00e9s de tr\u00eas m\u00e9diuns brasileiros: Rogerio Henrique Leite, Marli Mansini e Orlando Noronha Carneiro. O autor apresenta os relatos de cinco mais que \u201cperderam\u201d precocemente seus filhos, mas que encontraram alento em psicografias, gra\u00e7as as comprova\u00e7\u00f5es, segundo elas mesmas, de que seus amados se comunicaram, demonstrando continuarem vivos como espiritas livres dos corpos f\u00edsicos. O objetivo da obra e permitir ao leitor o acesso a registros de casos que podem ser estudados, pela riqueza de detalhes, como demonstra\u00e7\u00f5es concretas da vida ap\u00f3s a morte. E, assim, busca-se colaborar para a desmistifica\u00e7\u00e3o do tema, demonstrando que os fen\u00f4menos espirituais, independente da religi\u00e3o que adotem, como convites a reforma \u00e9tica em nome do amor e do bem.<\/p>\n","protected":false},"excerpt":{"rendered":"<p>[in Portuguese] O pesquisador e conferencista espirita Guilherme Velho apresenta cinco casos que contem evidencias quanto a imortalidade e comunicabilidade de espiritos.<\/p>\n","protected":false},"featured_media":714,"comment_status":"open","ping_status":"closed","template":"","meta":{"om_disable_all_campaigns":false,"_exactmetrics_skip_tracking":false,"_exactmetrics_sitenote_active":false,"_exactmetrics_sitenote_note":"","_exactmetrics_sitenote_category":0,"_monsterinsights_skip_tracking":false,"_monsterinsights_sitenote_active":false,"_monsterinsights_sitenote_note":"","_monsterinsights_sitenote_category":0},"product_brand":[],"product_cat":[21,36],"product_tag":[],"class_list":{"0":"post-712","1":"product","2":"type-product","3":"status-publish","4":"has-post-thumbnail","6":"product_cat-book","7":"product_cat-portuguese","9":"first","10":"instock","11":"shipping-taxable","12":"purchasable","13":"product-type-simple"},"_links":{"self":[{"href":"https:\/\/ssbaltimore.org\/bookstore\/wp-json\/wp\/v2\/product\/712","targetHints":{"allow":["GET"]}}],"collection":[{"href":"https:\/\/ssbaltimore.org\/bookstore\/wp-json\/wp\/v2\/product"}],"about":[{"href":"https:\/\/ssbaltimore.org\/bookstore\/wp-json\/wp\/v2\/types\/product"}],"replies":[{"embeddable":true,"href":"https:\/\/ssbaltimore.org\/bookstore\/wp-json\/wp\/v2\/comments?post=712"}],"wp:featuredmedia":[{"embeddable":true,"href":"https:\/\/ssbaltimore.org\/bookstore\/wp-json\/wp\/v2\/media\/714"}],"wp:attachment":[{"href":"https:\/\/ssbaltimore.org\/bookstore\/wp-json\/wp\/v2\/media?parent=712"}],"wp:term":[{"taxonomy":"product_brand","embeddable":true,"href":"https:\/\/ssbaltimore.org\/bookstore\/wp-json\/wp\/v2\/product_brand?post=712"},{"taxonomy":"product_cat","embeddable":true,"href":"https:\/\/ssbaltimore.org\/bookstore\/wp-json\/wp\/v2\/product_cat?post=712"},{"taxonomy":"product_tag","embeddable":true,"href":"https:\/\/ssbaltimore.org\/bookstore\/wp-json\/wp\/v2\/product_tag?post=712"}],"curies":[{"name":"wp","href":"https:\/\/api.w.org\/{rel}","templated":true}]}}